{"id":14640,"date":"2024-08-07T14:33:27","date_gmt":"2024-08-07T14:33:27","guid":{"rendered":"https:\/\/www.seriendustri.com\/?post_type=product&#038;p=14640"},"modified":"2024-08-07T20:37:13","modified_gmt":"2024-08-07T20:37:13","slug":"flex-iw-1-2-750-18-0-ec-5-0-set-akulu-komursuz-1-2-somun-sikma","status":"publish","type":"product","link":"https:\/\/www.seriendustri.com\/?product=flex-iw-1-2-750-18-0-ec-5-0-set-akulu-komursuz-1-2-somun-sikma","title":{"rendered":"Flex IW 1\/2&#8243; 750 18.0-EC\/5.0 Set Ak\u00fcl\u00fc K\u00f6m\u00fcrs\u00fcz 1\/2 Somun S\u0131kma"},"content":{"rendered":"<p><strong>Flex IW 1\/2&#8243; 750 18.0-EC\/5.0 Set Ak\u00fcl\u00fc K\u00f6m\u00fcrs\u00fcz 1\/2 Somun S\u0131kma<\/strong><\/p>\n<pre class=\"tw-data-text tw-text-large tw-ta\" dir=\"ltr\" data-placeholder=\"\u00c7eviri\" aria-label=\"\u00c7evrilmi\u015f metin\" data-ved=\"2ahUKEwjHsfWJi-OHAxWLQvEDHel2Gf8Q3ewLegQIBxAU\"><span class=\"Y2IQFc\" lang=\"tr\">Batarya kapasitesi 18,0V\r\nPil kapasitesi  5,0 Ah\r\nTork ayarlar\u0131 3 Vites\r\nMaksimum tork, ayar 1 150 Nm\r\nMaksimum tork, ayar 2 200 Nm\r\nMaksimum tork, ayar 3 750 Nm\r\nMaksimum gev\u015feme torku 950 Nm\r\n1. vites 0 - 500 devir\/dakika\r\n2. vites 0 - 1000 devir\/dakika\r\n3. vites 0 - 2100 devir\/dakika\r\nY\u00fcks\u00fcz darbeler, ayar 1 0 - 1000 1 dev\/dak\r\nY\u00fcks\u00fcz darbeler, ayar 2 0 - 2000 1 dev\/dak\r\nY\u00fcks\u00fcz darbeler, ayar 3 0 - 2450 1 dev\/dak\r\nBoyutlar 159x74x227 mm\r\nPil tak\u0131m\u0131 olmadan a\u011f\u0131rl\u0131\u011f\u0131 1,9 kilo\r\n<\/span><\/pre>\n<div style=\"width: 640px;\" class=\"wp-video\"><!--[if lt IE 9]><script>document.createElement('video');<\/script><![endif]-->\n<video class=\"wp-video-shortcode\" id=\"video-14640-1\" width=\"640\" height=\"360\" preload=\"metadata\" controls=\"controls\"><source type=\"video\/mp4\" src=\"https:\/\/hub.flex-tools.com\/_f\/8bd\/8bd44a18f1aa28dcb3f01ba520231deb252c05ef\/PRO_VID_IW-1-2-750-18-0-EC-akku-schlagschrauber.mp4?_=1\" \/><a href=\"https:\/\/hub.flex-tools.com\/_f\/8bd\/8bd44a18f1aa28dcb3f01ba520231deb252c05ef\/PRO_VID_IW-1-2-750-18-0-EC-akku-schlagschrauber.mp4\">https:\/\/hub.flex-tools.com\/_f\/8bd\/8bd44a18f1aa28dcb3f01ba520231deb252c05ef\/PRO_VID_IW-1-2-750-18-0-EC-akku-schlagschrauber.mp4<\/a><\/video><\/div>\n<pre id=\"tw-target-text\" class=\"tw-data-text tw-text-large tw-ta\" dir=\"ltr\" data-placeholder=\"\u00c7eviri\" aria-label=\"\u00c7evrilmi\u015f metin\" data-ved=\"2ahUKEwjHsfWJi-OHAxWLQvEDHel2Gf8Q3ewLegQIBxAU\"><span class=\"Y2IQFc\" lang=\"tr\">\u00a0<\/span><\/pre>\n","protected":false},"excerpt":{"rendered":"<p>Daha y\u00fcksek verimlili\u011fe ve daha uzun kullan\u0131m \u00f6mr\u00fcne sahip f\u0131r\u00e7as\u0131z motor<br \/>\nElektronik y\u00f6netim sistemi (EMS) makineyi korur, hizmet \u00f6mr\u00fcn\u00fc uzat\u0131r ve verimlili\u011fi art\u0131r\u0131r<br \/>\n1\/2&#8243; darbeli soketler i\u00e7in kare u\u00e7lu tak\u0131m tutucu.<br \/>\nElektronik h\u0131zl\u0131 etkili fren<br \/>\nAnti Vibrasyon el tutama\u011f\u0131n\u0131 motordan ay\u0131r\u0131r ve titre\u015fimi \u00f6nler.<br \/>\nMaksimum performans i\u00e7in g\u00fc\u00e7l\u00fc darbe mekanizmas\u0131, \u00f6rne\u011fin s\u0131k\u0131\u015fm\u0131\u015f veya paslanm\u0131\u015f vida ba\u011flant\u0131lar\u0131n\u0131n a\u015f\u0131r\u0131 uygulamalarda bile s\u00f6k\u00fclmesini sa\u011flar<br \/>\nH\u0131z komutu: Farkl\u0131 uygulamalar i\u00e7in \u00fc\u00e7 farkl\u0131 h\u0131z aral\u0131\u011f\u0131 ayarlama ve kontroll\u00fc s\u0131kma veya gev\u015fetme olana\u011f\u0131<br \/>\nErgonomik tasar\u0131ml\u0131, kaymayan, yumu\u015fak tutu\u015f ergonomik g\u00f6vde<br \/>\nKal\u0131c\u0131l\u0131k fonksiyonuna sahip entegre LED lamba<br \/>\nLED pil kapasitesi g\u00f6stergesi<br \/>\nEmniyet mandal\u0131 ile sa\u011f\/sol d\u00f6n\u00fc\u015f<br \/>\nOtomatik Durdurma modu: S\u0131kma s\u0131ras\u0131nda, darbe ba\u015flar ba\u015flamaz makine durur. Gev\u015fetme s\u0131ras\u0131nda, darbe durur durmaz makine durur. Vida veya somunun a\u015f\u0131r\u0131 s\u0131k\u0131lmas\u0131n\u0131 \u00f6nlemek i\u00e7in uygundur.<br \/>\nPres d\u00f6k\u00fcm al\u00fcminyum makine kafas\u0131 ile kompakt tasar\u0131m. Son derece dayan\u0131kl\u0131 ve darbeye dayan\u0131kl\u0131<br \/>\nFLEX ak\u00fc sistemi: t\u00fcm FLEX 18 V ak\u00fc paketleri i\u00e7in uygundur<\/p>\n","protected":false},"featured_media":14644,"comment_status":"open","ping_status":"closed","template":"","meta":{"_joinchat":[]},"product_brand":[144],"product_cat":[79],"product_tag":[],"class_list":{"0":"post-14640","1":"product","2":"type-product","3":"status-publish","4":"has-post-thumbnail","6":"product_brand-flex","7":"product_cat-akulu-el-aletleri","10":"first","11":"instock","12":"featured","13":"shipping-taxable","14":"product-type-simple"},"_links":{"self":[{"href":"https:\/\/www.seriendustri.com\/index.php?rest_route=\/wp\/v2\/product\/14640","targetHints":{"allow":["GET"]}}],"collection":[{"href":"https:\/\/www.seriendustri.com\/index.php?rest_route=\/wp\/v2\/product"}],"about":[{"href":"https:\/\/www.seriendustri.com\/index.php?rest_route=\/wp\/v2\/types\/product"}],"replies":[{"embeddable":true,"href":"https:\/\/www.seriendustri.com\/index.php?rest_route=%2Fwp%2Fv2%2Fcomments&post=14640"}],"version-history":[{"count":2,"href":"https:\/\/www.seriendustri.com\/index.php?rest_route=\/wp\/v2\/product\/14640\/revisions"}],"predecessor-version":[{"id":14750,"href":"https:\/\/www.seriendustri.com\/index.php?rest_route=\/wp\/v2\/product\/14640\/revisions\/14750"}],"wp:featuredmedia":[{"embeddable":true,"href":"https:\/\/www.seriendustri.com\/index.php?rest_route=\/wp\/v2\/media\/14644"}],"wp:attachment":[{"href":"https:\/\/www.seriendustri.com\/index.php?rest_route=%2Fwp%2Fv2%2Fmedia&parent=14640"}],"wp:term":[{"taxonomy":"product_brand","embeddable":true,"href":"https:\/\/www.seriendustri.com\/index.php?rest_route=%2Fwp%2Fv2%2Fproduct_brand&post=14640"},{"taxonomy":"product_cat","embeddable":true,"href":"https:\/\/www.seriendustri.com\/index.php?rest_route=%2Fwp%2Fv2%2Fproduct_cat&post=14640"},{"taxonomy":"product_tag","embeddable":true,"href":"https:\/\/www.seriendustri.com\/index.php?rest_route=%2Fwp%2Fv2%2Fproduct_tag&post=14640"}],"curies":[{"name":"wp","href":"https:\/\/api.w.org\/{rel}","templated":true}]}}