{"id":15319,"date":"2025-01-07T19:43:27","date_gmt":"2025-01-07T19:43:27","guid":{"rendered":"https:\/\/www.seriendustri.com\/?post_type=product&#038;p=15319"},"modified":"2025-10-17T15:44:32","modified_gmt":"2025-10-17T15:44:32","slug":"flex-gbl-790-18-ec-akulu-yaprak-ufleme-18v","status":"publish","type":"product","link":"https:\/\/www.seriendustri.com\/?product=flex-gbl-790-18-ec-akulu-yaprak-ufleme-18v","title":{"rendered":"Flex GBL 790 18-EC Ak\u00fcl\u00fc Yaprak \u00dcfleme 18V"},"content":{"rendered":"<p>Flex GBL 790 18-EC Ak\u00fcl\u00fc Yaprak \u00dcfleme 18V<\/p>\n<p>Pil voltaj\u0131 18V<br \/>\nPil kapasitesi 2,5 \/ 5,0 \/ 8,0Ah<br \/>\nBoyutlar 780x172x300 mm<br \/>\nPil tak\u0131m\u0131 olmadan a\u011f\u0131rl\u0131k 1,8 kg<br \/>\nMaksimum ak\u0131\u015f h\u0131z\u0131, hava temizleyici 790 m\u00b3\/saat<\/p>\n","protected":false},"excerpt":{"rendered":"<p>Daha y\u00fcksek verimlili\u011fe ve daha uzun kullan\u0131m \u00f6mr\u00fcne sahip f\u0131r\u00e7as\u0131z motor<br \/>\nKompakt tasar\u0131m, s\u0131n\u0131f\u0131n\u0131n en hafif aleti, aletsiz \u00e7\u0131kar\u0131labilen 125 \u00d8 mm hava ak\u0131\u015f borusu<br \/>\nK\u00fc\u00e7\u00fck ve orta b\u00fcy\u00fckl\u00fckteki alanlarda yapraklar\u0131 temizlemek i\u00e7in Boost modu ile 3 a\u015famada hava hacmi d\u00fczenlemesi<br \/>\nKompakt ve ergonomik \u015fekil<br \/>\nS\u00fcrekli \u00e7al\u0131\u015fma i\u00e7in a\u00e7ma\/kapama d\u00fc\u011fmesi ve kilidi olan ergonomik \u015fekilli yumu\u015fak sap<br \/>\nElektronik y\u00f6netim sistemi (EMS) makineyi korur, hizmet \u00f6mr\u00fcn\u00fc uzat\u0131r ve verimlili\u011fi art\u0131r\u0131r<br \/>\nFLEX ak\u00fc sistemi: t\u00fcm FLEX 18 V ak\u00fc paketleri i\u00e7in uygundur. Teslimat ak\u00fc ve \u015farj cihaz\u0131n\u0131 i\u00e7ermez<\/p>\n","protected":false},"featured_media":15518,"comment_status":"closed","ping_status":"closed","template":"","meta":{"_joinchat":[]},"product_brand":[144],"product_cat":[100],"product_tag":[],"class_list":{"0":"post-15319","1":"product","2":"type-product","3":"status-publish","4":"has-post-thumbnail","6":"product_brand-flex","7":"product_cat-bahce-aletleri","10":"first","11":"instock","12":"shipping-taxable","13":"product-type-simple"},"_links":{"self":[{"href":"https:\/\/www.seriendustri.com\/index.php?rest_route=\/wp\/v2\/product\/15319","targetHints":{"allow":["GET"]}}],"collection":[{"href":"https:\/\/www.seriendustri.com\/index.php?rest_route=\/wp\/v2\/product"}],"about":[{"href":"https:\/\/www.seriendustri.com\/index.php?rest_route=\/wp\/v2\/types\/product"}],"replies":[{"embeddable":true,"href":"https:\/\/www.seriendustri.com\/index.php?rest_route=%2Fwp%2Fv2%2Fcomments&post=15319"}],"version-history":[{"count":1,"href":"https:\/\/www.seriendustri.com\/index.php?rest_route=\/wp\/v2\/product\/15319\/revisions"}],"predecessor-version":[{"id":15325,"href":"https:\/\/www.seriendustri.com\/index.php?rest_route=\/wp\/v2\/product\/15319\/revisions\/15325"}],"wp:featuredmedia":[{"embeddable":true,"href":"https:\/\/www.seriendustri.com\/index.php?rest_route=\/wp\/v2\/media\/15518"}],"wp:attachment":[{"href":"https:\/\/www.seriendustri.com\/index.php?rest_route=%2Fwp%2Fv2%2Fmedia&parent=15319"}],"wp:term":[{"taxonomy":"product_brand","embeddable":true,"href":"https:\/\/www.seriendustri.com\/index.php?rest_route=%2Fwp%2Fv2%2Fproduct_brand&post=15319"},{"taxonomy":"product_cat","embeddable":true,"href":"https:\/\/www.seriendustri.com\/index.php?rest_route=%2Fwp%2Fv2%2Fproduct_cat&post=15319"},{"taxonomy":"product_tag","embeddable":true,"href":"https:\/\/www.seriendustri.com\/index.php?rest_route=%2Fwp%2Fv2%2Fproduct_tag&post=15319"}],"curies":[{"name":"wp","href":"https:\/\/api.w.org\/{rel}","templated":true}]}}