{"id":15433,"date":"2025-01-07T21:27:28","date_gmt":"2025-01-07T21:27:28","guid":{"rendered":"https:\/\/www.seriendustri.com\/?post_type=product&#038;p=15433"},"modified":"2025-10-17T15:18:00","modified_gmt":"2025-10-17T15:18:00","slug":"flex-ose-2-80-ec-set-elektrikli-komursuz-titresim-zimpara","status":"publish","type":"product","link":"https:\/\/www.seriendustri.com\/?product=flex-ose-2-80-ec-set-elektrikli-komursuz-titresim-zimpara","title":{"rendered":"Flex OSE 2-80 EC Set Elektrikli K\u00f6m\u00fcrs\u00fcz Titre\u015fim Z\u0131mpara"},"content":{"rendered":"<p>Flex OSE 2-80 EC Set Elektrikli K\u00f6m\u00fcrs\u00fcz Titre\u015fim Z\u0131mpara<\/p>\n<p>G\u00fc\u00e7 t\u00fcketimi 260 W<br \/>\nGerilim 230V<br \/>\nFrekans 50\/60 Hz<br \/>\nStrok 2,0 mm<br \/>\nDestek pedi uzunlu\u011fu 130 mm<br \/>\nDestek pedi geni\u015fli\u011fi 80 mm<br \/>\nY\u00f6r\u00fcnge h\u0131z\u0131, y\u00fck yok 16000 &#8211; 24000 devir\/dakika<br \/>\nBo\u015fta h\u0131z 8000 &#8211; 12000 devir\/dakika<br \/>\n\u00c7ap toz emme ba\u011flant\u0131s\u0131 \u00d827<br \/>\nKablo uzunlu\u011fu 4,0 m<br \/>\nBoyutlar 163x90x121 mm<br \/>\nA\u011f\u0131rl\u0131k 1,2 kg<\/p>\n","protected":false},"excerpt":{"rendered":"<p>Hafif, kompakt tek elle kullan\u0131lan y\u00f6r\u00fcngeli z\u0131mpara makinesi, yorulmadan ve eklem dostu \u00e7al\u0131\u015fma i\u00e7in \u00f6zel dengeleme sayesinde \u00e7ok ergonomik ve d\u00fc\u015f\u00fck titre\u015fimlidir<br \/>\nErgonomik olarak tasarlanm\u0131\u015f, yumu\u015fak kavramal\u0131 kullan\u0131\u015fl\u0131 kavrama kapa\u011f\u0131 g\u00fcvenli bir kavrama ve iyi bir k\u0131lavuzluk sa\u011flar<br \/>\nDaha y\u00fcksek verimlili\u011fe ve daha uzun kullan\u0131m \u00f6mr\u00fcne sahip f\u0131r\u00e7as\u0131z motor<br \/>\nElektronik: 4 kademeli h\u0131z \u00f6n se\u00e7imi, takojenerat\u00f6r vas\u0131tas\u0131yla sabit h\u0131z kontrol\u00fc, yumu\u015fak ba\u015flatma, yeniden ba\u015flatma korumas\u0131<br \/>\nElektronik h\u0131z ayar\u0131 sayesinde malzemeye uygun z\u0131mparalama h\u0131z\u0131<br \/>\nOptimum ekstraksiyon i\u00e7in 12 delikli sisteme sahip kanca ve halka destek pedi, t\u00fcm standart a\u015f\u0131nd\u0131r\u0131c\u0131lar i\u00e7in uygundur<br \/>\nH\u0131zl\u0131 durdurma i\u015flevine sahip basit ve g\u00fcvenli \u00e7al\u0131\u015fma i\u00e7in E-sinyal anahtar\u0131, destek pedinin s\u00fcr\u00fcklenmesini \u00f6nler<br \/>\nDisk frenle donat\u0131ld\u0131\u011f\u0131ndan, i\u015f par\u00e7as\u0131nda istenmeyen z\u0131mpara izleri olu\u015fmaz ve pahal\u0131 d\u00fczeltici i\u015flemlere gerek kalmaz<br \/>\nFiltre kartu\u015fuyla tozsuz \u00e7al\u0131\u015fma i\u00e7in entegre aspirat\u00f6r sayesinde etkili toz emme<br \/>\nHarici toz emme \u00d8 27 mm, antistatik emi\u015f hortumu SH 27&#215;3,5m AS (445.045) ba\u011flanabilir<br \/>\nDe\u011fi\u015ftirilebilir PES filtreli darbeye dayan\u0131kl\u0131 filtre kartu\u015fu, toz at\u0131m\u0131n\u0131n veya filtrenin temizlenmesinin kolay olmas\u0131n\u0131 ve ayr\u0131ca maksimum kullan\u0131m \u00f6mr\u00fcn\u00fc sa\u011flar<br \/>\n\u00d6zellikle ba\u015f \u00fcst\u00fc \u00e7al\u0131\u015fmalar i\u00e7in uygundur.<\/p>\n","protected":false},"featured_media":15492,"comment_status":"closed","ping_status":"closed","template":"","meta":{"_joinchat":[]},"product_brand":[144],"product_cat":[76],"product_tag":[],"class_list":{"0":"post-15433","1":"product","2":"type-product","3":"status-publish","4":"has-post-thumbnail","6":"product_brand-flex","7":"product_cat-elektrikli-el-aletleri","10":"first","11":"instock","12":"shipping-taxable","13":"product-type-simple"},"_links":{"self":[{"href":"https:\/\/www.seriendustri.com\/index.php?rest_route=\/wp\/v2\/product\/15433","targetHints":{"allow":["GET"]}}],"collection":[{"href":"https:\/\/www.seriendustri.com\/index.php?rest_route=\/wp\/v2\/product"}],"about":[{"href":"https:\/\/www.seriendustri.com\/index.php?rest_route=\/wp\/v2\/types\/product"}],"replies":[{"embeddable":true,"href":"https:\/\/www.seriendustri.com\/index.php?rest_route=%2Fwp%2Fv2%2Fcomments&post=15433"}],"version-history":[{"count":1,"href":"https:\/\/www.seriendustri.com\/index.php?rest_route=\/wp\/v2\/product\/15433\/revisions"}],"predecessor-version":[{"id":15442,"href":"https:\/\/www.seriendustri.com\/index.php?rest_route=\/wp\/v2\/product\/15433\/revisions\/15442"}],"wp:featuredmedia":[{"embeddable":true,"href":"https:\/\/www.seriendustri.com\/index.php?rest_route=\/wp\/v2\/media\/15492"}],"wp:attachment":[{"href":"https:\/\/www.seriendustri.com\/index.php?rest_route=%2Fwp%2Fv2%2Fmedia&parent=15433"}],"wp:term":[{"taxonomy":"product_brand","embeddable":true,"href":"https:\/\/www.seriendustri.com\/index.php?rest_route=%2Fwp%2Fv2%2Fproduct_brand&post=15433"},{"taxonomy":"product_cat","embeddable":true,"href":"https:\/\/www.seriendustri.com\/index.php?rest_route=%2Fwp%2Fv2%2Fproduct_cat&post=15433"},{"taxonomy":"product_tag","embeddable":true,"href":"https:\/\/www.seriendustri.com\/index.php?rest_route=%2Fwp%2Fv2%2Fproduct_tag&post=15433"}],"curies":[{"name":"wp","href":"https:\/\/api.w.org\/{rel}","templated":true}]}}